r when 2567 is divided by 287.
271
What is the remainder when 4691 is divided by 51?
50
What is the remainder when 261 is divided by 67?
60
Calculate the remainder when 450 is divided by 57.
51
What is the remainder when 323 is divided by 33?
26
Calculate the remainder when 1723 is divided by 18.
13
Calculate the remainder when 42 is divided by 22.
20
What is the remainder when 246 is divided by 72?
30
What is the remainder when 662 is divided by 13?
12
What is the remainder when 5456 is divided by 210?
206
Calculate the remainder when 262 is divided by 22.
20
Calculate the remainder when 1033 is divided by 9.
7
What is the remainder when 154 is divided by 16?
10
Calculate the remainder when 317 is divided by 116.
85
What is the remainder when 355 is divided by 40?
35
What is the remainder when 648 is divided by 150?
48
Calculate the remainder when 220 is divided by 19.
11
What is the remainder when 3066 is divided by 37?
32
Calculate the remainder when 143 is divided by 18.
17
What is the remainder when 140 is divided by 24?
20
Calculate the remainder when 401 is divided by 9.
5
What is the remainder when 7580 is divided by 17?
15
Calculate the remainder when 14 is divided by 4.
2
Calculate the remainder when 3436 is divided by 20.
16
What is the remainder when 8027 is divided by 48?
11
Calculate the remainder when 308 is divided by 64.
52
Calculate the remainder when 1189 is divided by 205.
164
Calculate the remainder when 3071 is divided by 106.
103
Calculate the remainder when 179 is divided by 11.
3
What is the remainder when 6173 is divided by 32?
29
What is the remainder when 97 is divided by 17?
12
What is the remainder when 612 is divided by 126?
108
What is the remainder when 31 is divided by 25?
6
What is the remainder when 1149 is divided by 370?
39
What is the remainder when 94 is divided by 16?
14
Calculate the remainder when 389 is divided by 55.
4
Calculate the remainder when 166 is divided by 56.
54
Calculate the remainder when 6714 is divided by 33.
15
What is the remainder when 13470 is divided by 27?
24
Calculate the remainder when 742 is divided by 35.
7
Calculate the remainder when 694 is divided by 22.
12
What is the remainder when 1417 is divided by 11?
9
What is the remainder when 375 is divided by 29?
27
Calculate the remainder when 760 is divided by 142.
50
Calculate the remainder when 135 is divided by 8.
7
Calculate the remainder when 383 is divided by 96.
95
What is the remainder when 903 is divided by 70?
63
Calculate the remainder when 1360 is divided by 36.
28
Calculate the remainder when 2316 is divided by 129.
123
What is the remainder when 52 is divided by 9?
7
Calculate the remainder when 158 is divided by 41.
35
What is the remainder when 178 is divided by 42?
10
Calculate the remainder when 94 is divided by 16.
14
What is the remainder when 625 is divided by 126?
121
What is the remainder when 310 is divided by 26?
24
Calculate the remainder when 2112 is divided by 62.
4
Calculate the remainder when 1202 is divided by 121.
113
What is the remainder when 229 is divided by 119?
110
Calculate the remainder when 131 is divided by 12.
11
What is the remainder when 920 is divided by 90?
20
What is the remainder when 2152 is divided by 81?
46
What is the remainder when 96 is divided by 35?
26
Calculate the remainder when 63 is divided by 4.
3
What is the remainder when 919 is divided by 443?
33
What is the remainder when 78 is divided by 21?
15
What is the remainder when 917 is divided by 92?
89
Calculate the remainder when 11 is divided by 2.
1
Calculate the remainder when 814 is divided by 176.
110
What is the remainder when 178 is divided by 84?
10
What is the remainder when 2914 is divided by 27?
25
What is the remainder when 216 is divided by 49?
20
Calculate the remainder when 3007 is divided by 1486.
35
What is the remainder when 1073 is divided by 267?
5
Calculate the remainder when 124 is divided by 28.
12
Calculate the remainder when 1184 is divided by 15.
14
What is the remainder when 38719 is divided by 16?
15
What is the remainder when 30 is divided by 8?
6
Calculate the remainder when 58 is divided by 18.
4
What is the remainder when 395 is divided by 9?
8
Calculate the remainder when 91 is divided by 32.
27
Calculate the remainder when 914 is divided by 66.
56
What is the remainder when 71 is divided by 48?
23
What is the remainder when 971 is divided by 21?
5
Calculate the remainder when 4056 is divided by 177.
162
What is the remainder when 14664 is divided by 4886?
6
Calculate the remainder when 745 is divided by 39.
4
What is the remainder when 17413 is divided by 129?
127
What is the remainder when 157 is divided by 48?
13
What is the remainder when 323 is divided by 54?
53
Calculate the remainder when 624 is divided by 94.
60
What is the remainder when 37 is divided by 19?
18
Calculate the remainder when 11151 is divided by 19.
17
Calculate the remainder when 2054 is divided by 55.
19
What is the remainder when 66 is divided by 17?
15
What is the remainder when 101 is divided by 52?
49
Calculate the remainder when 181 is divided by 98.
83
What is the remainder when 1733 is divided by 28?
25
What is the remainder when 286 is divided by 24?
22
What is the remainder when 435 is divided by 32?
19
Calculate the remainder when 3534 is divided by 8.
6
Calculate the remainder when 202 is divided by 25.
2
What is the remainder when 1134 is divided by 71?
69
What is the remainder when 165 is divided by 53?
6
What is the remainder when 143 is divided by 18?
17
What is the remainder when 1409 is divided by 147?
86
What is the remainder when 1757 is divided by 257?
215
Calculate the remainder when 1256 is divided by 140.
136
What is the remainder when 2043 is divided by 2033?
10
What is the remainder when 52 is divided by 41?
11
What is the remainder when 792 is divided by 5?
2
What is the remainder when 405 is divided by 105?
90
Calculate the remainder when 366 is divided by 46.
44
What is the remainder when 271 is divided by 13?
11
Calculate the remainder when 25 is divided by 8.
1
What is the remainder when 5038 is divided by 18?
16
What is the remainder when 1822 is divided by 60?
22
What is the remainder when 7320 is divided by 1826?
16
Calculate the remainder when 210 is divided by 12.
6
What is the remainder when 53 is divided by 33?
20
What is the remainder when 303 is divided by 144?
15
Calculate the remainder when 188 is divided by 7.
6
What is the remainder when 223 is divided by 87?
49
What is the remainder when 161 is divided by 15?
11
Calculate the remainder when 51 is divided by 37.
14
Calculate the remainder when 1850 is divided by 98.
86
What is the remainder when 2304 is divided by 759?
27
What is the remainder when 177 is divided by 32?
17
Calculate the remainder when 769 is divided by 71.
59
What is the remainder when 1707 is divided by 569?
0
Calculate the remainder when 1508 is divided by 491.
35
Calculate the remainder when 447 is divided by 42.
27
Calculate the remainder when 2118 is divided by 53.
51
What is the remainder when 5948 is divided by 96?
92
What is the remainder when 134 is divided by 45?
44
Calculate the remainder when 1055 is divided by 174.
11
Calculate the remainder when 87 is divided by 8.
7
What is the remainder when 371 is divided by 169?
33
Calculate the remainder when 316 is divided by 153.
10
What is the remainder when 1464 is divided by 483?
15
What is the remainder when 217 is divided by 38?
27
Calculate the remainder when 2051 is divided by 678.
17
What is the remainder when 110 is divided by 67?
43
What is the remainder when 2263 is divided by 170?
53
Calculate the remainder when 293 is divided by 56.
13
Calculate the remainder when 141 is divided by 74.
67
Calculate the remainder when 397 is divided by 40.
37
Calculate the remainder when 85 is divided by 84.
1
What is the remainder when 29409 is divided by 36?
33
What is the remainder when 362 is divided by 154?
54
What is the remainder when 25 is divided by 20?
5
What is the remainder when 203 is divided by 59?
26
Calculate the remainder when 264 is divided by 57.
36
What is the remainder when 290 is divided by 26?
4
What is the remainder when 65 is divided by 4?
1
What is the remainder when 1110 